j**2 + 14*j - 27. List the prime factors of h(11).
2, 3
Suppose -2*n + 5*n - 105 = 0. Suppose -5*i + n = -o + 6*o, -28 = -2*i + 5*o. What are the prime factors of i?
3
Suppose 5*x = x + y + 61, -x - 4*y = 6. Suppose 2*o - 11 = f, 4*o - 4*f - 18 = x. Suppose -o*w - 9 = -36. What are the prime factors of w?
3
Let y(b) = -6*b - 6. Let z(p) = 17*p + 18. Let w(j) = 11*y(j) + 4*z(j). What are the prime factors of w(5)?
2
Suppose -19 = -r - 3*n, -4*r + 3*n - 9 = -2*n. Suppose p = -r*p - 30. What are the prime factors of 2/p - (-68)/6?
11
Let i be -1 + 2 - (3 + -9). Suppose 2*p - p = -4. Let z = p + i. List the prime factors of z.
3
Suppose 3*p - 4*p = -3*x - 57, 3*p = x + 163. List the prime factors of p.
2, 3
Let b(r) = -r**2 - 2*r + 4. Let q be b(-3). Suppose 2*z - 3 = q. Suppose u - 13 = z*f, -10 - 22 = -4*u + 3*f. What are the prime factors of u?
5
Suppose -3*b + 4*b + 2 = 0. List the prime factors of (-1 + -1)*b/1.
2
Suppose 5*n - 1 = 4. Suppose n = 2*r - 5, 4*t + 3*r - 121 = 0. What are the prime factors of t?
2, 7
Let u = -8 + 18. Suppose -5*g = -u - 10. What are the prime factors of g?
2
Let h = 17 + -15. Suppose -h*f - 69 = -5*f. What are the prime factors of f?
23
Let f(k) = -k + 13. Let v be f(12). List the prime factors of ((-3)/2)/v*-12.
2, 3
Let w = -30 + 42. Suppose w = -p + 3*p. List the prime factors of p.
2, 3
Suppose 3*p - 5*d - 978 + 348 = 0, -3*p - 4*d = -603. What are the prime factors of p?
5, 41
Let f(v) = v + 1. Let r be f(-7). Let n = r + 10. Suppose m = -n*p + 14, 3*p = 3*m + 2 + 1. List the prime factors of p.
3
Suppose 0 = 3*p + p - 68. List the prime factors of p.
17
Let u(y) = -y**3 + 5*y**2 - 5*y + 5. Let d be u(4). Suppose 4*m = i + 3*m - d, 3*i - 6 = 2*m. Suppose -4 - 4 = -i*x. What are the prime factors of x?
2
Let w = 13 - -7. Let u = -18 + 10. Let x = u + w. List the prime factors of x.
2, 3
Suppose 4*f + 3*c + 0*c = -35, 10 = f - 3*c. Let j(a) be the first derivative of -a**4/4 - 2*a**3 - 3*a**2 - 2*a - 31. List the prime factors of j(f).
3
Suppose -5*m = -3*l + 49, m + m = l - 17. What are the prime factors of l?
13
Let x = -6 + 7. Let z be (-1)/x + 4 + 0. Suppose -17 = -z*s + 13. List the prime factors of s.
2, 5
Let j be 5/(-6) + (-1)/6. Let v be (0 + j)*(-2)/2. Let t(k) = 8*k - 1. List the prime factors of t(v).
7
Suppose -316 = 4*d - 8*d. What are the prime factors of d?
79
Let r(p) = -p**2 + 13*p - 5. List the prime factors of r(5).
5, 7
Let q(n) = -n**2 - n - 1. Let v(s) = -s**2 + 1. Let m(u) = 7*u + 8. Let f(o) = -m(o) + v(o). Let l(k) = f(k) - 5*q(k). List the prime factors of l(2).
2, 5
Suppose 5*f + 91 = 2*m, 157 = 2*m + 2*m - 5*f. What are the prime factors of m?
3, 11
Let i = 5 - 9. Let f = 1 - i. Suppose -2*y = -m - 10, -f*m + 14 + 20 = 2*y. What are the prime factors of y?
7
Let j = 7 + -2. Let a be (-1)/(-1)*(8 + -3). Suppose -15 = -j*l - a. List the prime factors of l.
2
Let j be 10/(0 - (0 + -2)). Let g = -2 + j. Let b = 7 - g. What are the prime factors of b?
2
List the prime factors of -3*((-85)/15 - -1).
2, 7
Let a be ((-38)/(-6))/((-16)/(-48)). Let b(l) = -9*l. Let v be b(-1). Let p = a - v. List the prime factors of p.
2, 5
Suppose 0*g - g + 105 = 0. Suppose -k = 4*k + g. Let d = 39 + k. List the prime factors of d.
2, 3
Let k = -64 - -267. List the prime factors of k.
7, 29
Suppose 0 = -f - 3*z - 4, -z + 39 = -0*f + 4*f. Suppose 4*p + 6 = -2*k, -4*k = -3*p - p - 24. Suppose -13 = -k*h + f. List the prime factors of h.
2
Let v(o) = -o**2 + 7*o + 6. Let y = -8 - -15. Let w be v(y). Suppose 2*t + t = w. What are the prime factors of t?
2
Let z(i) = 3*i**2 + i - 1. List the prime factors of z(2).
13
Let d be (1/(-2))/(6/(-36)). Suppose k + 3*l - 13 = -3, 0 = d*k - l - 10. List the prime factors of k.
2
Suppose p + 16 = 5*p. Suppose -2*i + 14 = -p*w, -3*i + 4*w - 7 = -8*i. Suppose -2*q = i*q - 30. List the prime factors of q.
2, 3
Suppose -2*a - 2*a + 20 = 2*v, 2*a = -3*v + 22. Let c = 37 + -60. List the prime factors of 2/v - c/3.
2
Suppose 0 = 4*a + 1 - 9. Let w = 2 - a. Suppose w = -i + 4*i - 51. What are the prime factors of i?
17
Suppose -176 = -4*k + 296. What are the prime factors of k?
2, 59
What are the prime factors of (-4)/(-30) - 5990/(-75)?
2, 5
Suppose 4*p - 10 = 3*p. Suppose 6*k - k = p. What are the prime factors of k?
2
Let l(s) = s**3 + 2*s**2 - 2*s + 1. Let m be l(1). Suppose 3*c = x - 0*x - 24, -3*x = m*c - 94. List the prime factors of x.
2, 3, 5
Let v(b) = 2*b**2 - 5*b - 5. Let a be (-6)/21 - 111/(-21). List the prime factors of v(a).
2, 5
Let l be -3*(-1 + 6/9). Let j be (-1)/l*(-2 + -3). Suppose j*b = b + 12. What are the prime factors of b?
3
Suppose 5*d = 2*z + 10 + 6, 3*d - 5*z - 2 = 0. Suppose 0 = s - d*s - 36. Let a = s + 17. What are the prime factors of a?
5
Suppose 3*c = 4*c - 19. List the prime factors of c.
19
Let r be (-170)/45 + 2/(-9). What are the prime factors of (-4869)/(-99) - r/(-22)?
7
Suppose 2*y + 4*a = 6*a + 2, 0 = 4*y + 2*a + 14. Let s = 5 + y. Suppose 0 = 3*q, s*t + 0*q + 3*q - 15 = 0. List the prime factors of t.
5
Let y(s) = s**3 + 8*s**2 + 9*s + 4. Let o = 6 + -12. List the prime factors of y(o).
2, 11
Suppose -2*k - 13 = l, -1 = -2*l + 4*k - 11. Let x = 25 - l. What are the prime factors of x?
2, 17
Let f(o) = -o + 11. List the prime factors of f(-12).
23
Let t(h) be the second derivative of h**4/6 + h**3 + 2*h. Let m(u) = -u**3 + u**2 - u - 4. Let p be m(0). What are the prime factors of t(p)?
2
Suppose -5*o = -17 - 183. List the prime factors of o.
2, 5
Suppose -2*s + s = 0. Suppose s = 5*l - 6*l + 16. What are the prime factors of l?
2
Suppose 0 = -2*r + 3*x - 0*x + 15, 20 = -3*r - 4*x. Suppose r = 4*o - 4*a - 8, -3*o = 2*o + a - 16. What are the prime factors of o?
3
Suppose -5*i = 31 - 161. What are the prime factors of i?
2, 13
Suppose 0 = -0*b + 2*b. Suppose 4*v = -b*v + 20. What are the prime factors of v?
5
Let z(u) = 13*u**2 - 11*u + 28. What are the prime factors of z(4)?
2, 3
What are the prime factors of 3/(-4)*-4 + 4?
7
Suppose 4*d = 147 + 69. List the prime factors of d.
2, 3
Let d(t) = t**2 - 4*t - 3. Let z be d(6). Let l(u) = 19*u**2 + 0*u - 18*u**2 - 8*u. List the prime factors of l(z).
3
Let n be (200/12)/(1 - (-2)/(-3)). Let r(i) = 3*i**2 - i + 1. Let f be r(1). Suppose f*o + 2*o = n. List the prime factors of o.
2, 5
Let y = 2 - 0. What are the prime factors of ((-1)/(-2))/(y/52)?
13
Let t be 342/30 - (-2)/(-5). Suppose 0 = -4*c + 2*v + 68 - 10, -c + t = 3*v. What are the prime factors of c?
2, 7
List the prime factors of -21*((-2)/(-3) + 56/(-12)).
2, 3, 7
Let l = 3 - 1. Suppose 0 = -l*j - j - 27. What are the prime factors of (-74)/(-9) - (-2)/j?
2
Let j = 31 - -6. Suppose -6 = -2*g + i + 9, 2*g = -2*i + 12. Suppose j = 4*s + f, 4*s - g = f + 36. What are the prime factors of s?
2, 5
Suppose 2 = -2*g - 0. What are the prime factors of (0 - (19 - 2))*g?
17
Let n = 678 + -429. List the prime factors of n.
3, 83
Let s = -9 + 15. What are the prime factors of s?
2, 3
Let d = 14 - -23. What are the prime factors of d?
37
Let l = -9 - -9. Suppose 2*q - 6 + 2 = l. List the prime factors of q.
2
Suppose -9*z + 6*z = 0. Let v be 0/((6*-1)/(-3)). Suppose z*u - u + 36 = 4*s, v = -u. List the prime factors of s.
3
Suppose 39 = -2*r + 11. Let w = r - -27. What are the prime factors of w?
13
List the prime factors of (-20)/30 - (-298)/6.
7
Let k be (3 - 1 - -1) + 1. Suppose -4*z + 8 = 3*t - 3, -k*z + 4*t = -32. Suppose -z*d + 5*g = -75, 4*d - 4*g - 40 = 2*d. List the prime factors of d.
2, 5
Let z(h) = 10*h - 1. Let u be -6*(4 + 9/(-2)). What are the prime factors of z(u)?
29
Let j(h) be the second derivative of h**5/60 - h**4/24 + h**2/2 - 2*h. Let z(c) be the first derivative of j(c). What are the prime factors of z(4)?
2, 3
Let w(u) = -u + 1. What are the prime factors of w(-6)?
7
Suppose -204 = 3*p - 813. List the prime factors of p.
7, 29
Let p(s) = -4*s + 2*s + 3 + 4*s - 3*s. List the prime factors of p(-3).
2, 3
Suppose 162 = 3*r + 39. What are the prime factors of r?
41
Suppose 1 = 2*t - 3*t, -5*n + 4*t + 309 = 0. What are the prime factors of n?
61
Let s(a) = -3*a**2 + 6*a - 2 + 2*a**2 + 6. Let g be s(6). Suppose 4*l = -l - 4*k + 33, -g*l + 30 = 5*k. List the prime factors of l.
5
Let n(b) = 2*b**2 + 2*b - 3. Let m(c) = 